 base 8, what is 332 - 53?
257
In base 4, what is 13201 - -112133?
132000
In base 6, what is -13 - -22424?
22411
In base 4, what is 3 - -1113202022?
1113202031
In base 8, what is -130666 - 4?
-130672
In base 5, what is -11012421 + 4?
-11012412
In base 11, what is -50 + -2120?
-2170
In base 10, what is 68833 + -16?
68817
In base 7, what is 24 + 2011?
2035
In base 13, what is -5 - 42a6b7?
-42a6bc
In base 2, what is -111 - 10010100001?
-10010101000
In base 12, what is -a7 - -332?
247
In base 14, what is -603d + -aa?
-6109
In base 3, what is 21 - 21101021?
-21101000
In base 5, what is -3102 - -1040?
-2012
In base 6, what is 15 + -41031?
-41012
In base 8, what is -133 - 5506?
-5641
In base 14, what is 550 - 17?
537
In base 4, what is -1 - -320011?
320010
In base 9, what is 14 - 46644?
-46630
In base 13, what is -393 - 6?
-399
In base 5, what is 12144132 - -31?
12144213
In base 7, what is -1 - 204100?
-204101
In base 8, what is -14573 - -33?
-14540
In base 7, what is -61130 - 6?
-61136
In base 10, what is 16 + 25234?
25250
In base 16, what is -12 - 69f?
-6b1
In base 8, what is 35 - 2170?
-2133
In base 5, what is 101202 + 343?
102100
In base 10, what is -57 - 195?
-252
In base 4, what is 1 - -1231213?
1231220
In base 15, what is -6e4 + -22?
-716
In base 16, what is -12e - -ad?
-81
In base 13, what is 20c + -131?
ab
In base 15, what is 5 + 1327e?
13284
In base 13, what is -28 - -604a?
6022
In base 4, what is 3 - -1013331033?
1013331102
In base 13, what is -19482 - -2?
-19480
In base 4, what is -2 + 121211?
121203
In base 12, what is 50 - -7782?
7812
In base 10, what is -21 + 1822?
1801
In base 8, what is 15 + 30716?
30733
In base 9, what is -732505 + 4?
-732501
In base 10, what is -243 + -162?
-405
In base 5, what is 4101324 - 10?
4101314
In base 3, what is -1012020 + 1012211?
121
In base 13, what is -69b3 + 3?
-69b0
In base 7, what is 3051 + -106?
2642
In base 12, what is 19 - 980b8?
-9809b
In base 6, what is 214001 + -5?
213552
In base 12, what is 3283a4 + -4?
3283a0
In base 9, what is -307 + 7131?
6723
In base 2, what is 101110110000111 + 10?
101110110001001
In base 6, what is 4020 - 204?
3412
In base 7, what is 2 + 10045?
10050
In base 14, what is -ad31 - 5?
-ad36
In base 4, what is 303023 - -2?
303031
In base 12, what is 41 - -5a?
9b
In base 4, what is 3132200 - -10?
3132210
In base 3, what is -10101 - -2120?
-211
In base 12, what is 57 - -1882?
1919
In base 5, what is -12 + -3433030?
-3433042
In base 4, what is 200 + -23333?
-23133
In base 16, what is a4314 - 4?
a4310
In base 15, what is -5 + -156200?
-156205
In base 16, what is -161 + -1a5?
-306
In base 11, what is 101 - 660?
-55a
In base 15, what is -1c6 + 1e?
-1a7
In base 14, what is b94b4 + -3?
b94b1
In base 11, what is 1 + -26933?
-26932
In base 4, what is 2031101203 + 10?
2031101213
In base 3, what is 0 + -100111010?
-100111010
In base 4, what is 1 + -32130130?
-32130123
In base 15, what is 19 - -60?
79
In base 2, what is -111001111101110110 + 11?
-111001111101110011
In base 16, what is 1 + -69a5?
-69a4
In base 9, what is 2 - 32620?
-32617
In base 5, what is 1121312 - -211?
1122023
In base 3, what is 11 + 201011102?
201011120
In base 6, what is 4404235 + 3?
4404242
In base 13, what is 1 - 15c0?
-15bc
In base 2, what is 1 - -1110000001111?
1110000010000
In base 15, what is -1 + 5911?
5910
In base 13, what is 35 + -2b770?
-2b738
In base 6, what is 133324 - 34?
133250
In base 5, what is -10344024 + -3?
-10344032
In base 15, what is 73 + -67?
b
In base 14, what is -12 - 245?
-257
In base 8, what is 611071 + 0?
611071
In base 8, what is 4 - 25613?
-25607
In base 12, what is -386 - 5?
-38b
In base 8, what is 3 + 32546?
32551
In base 16, what is -584 - -cf?
-4b5
In base 4, what is -1323122 + -1?
-1323123
In base 6, what is -5 + -352050?
-352055
In base 2, what is -1 - -10010000011101100?
10010000011101011
In base 16, what is -b8 + -19b?
-253
In base 9, what is -75477 - 5?
-75483
In base 11, what is -14a19 - -7?
-14a12
In base 15, what is -50b5 - -b?
-50a9
In base 4, what is -122121 - -23?
-122032
In base 15, what is 238d1 + -6?
238ca
In base 16, what is c64 - -44?
ca8
In base 7, what is -140323 + -4?
-140330
In base 7, what is -4114 - -561?
-3223
In base 3, what is -100 - -20102010?
20101210
In base 14, what is -11b3 - -2a?
-1187
In base 12, what is -7 - 4940?
-4947
In base 12, what is -81409 + -4?
-81411
In base 16, what is 0 + -b6f?
-b6f
In base 13, what is -1 - 4277?
-4278
In base 3, what is 2 + -1001022122?
-1001022120
In base 4, what is -323 + -22321231?
-22322220
In base 14, what is -62d7d + 5?
-62d78
In base 7, what is 121150 - 12?
121135
In base 5, what is 1 + 103001114?
103001120
In base 9, what is -373425 - 0?
-373425
In base 11, what is 3871 - -122?
3993
In base 10, what is 0 - -1062?
1062
In base 7, what is 112 - 114525?
-114413
In base 8, what is 317 - -11411?
11730
In base 2, what is -1010111011 - -1000101?
-1001110110
In base 9, what is -125886 - 1?
-125887
In base 15, what is -1d7d - 7?
-1d85
In base 8, what is -461 - 14?
-475
In base 5, what is 42 + 3313400?
3313442
In base 10, what is 7992 - -136?
8128
In base 5, what is 210 + 434411?
440121
In base 14, what is 2d + 7?
36
In base 15, what is 10da - -2?
10dc
In base 9, what is -531 - 65?
-606
In base 6, what is -534 + -2314?
-3252
In base 15, what is 4 + 4763?
4767
In base 7, what is -1501 + 233?
-1235
In base 4, what is -11200 + -1021?
-12221
In base 6, what is -25 + 4225?
4200
In base 10, what is 8486 + 30?
8516
In base 3, what is -1211201121 - -2100?
-1211122021
In base 15, what is 3 - -2c68?
2c6b
In base 15, what is -1 - -3e4c?
3e4b
In base 5, what is -1222332130 + -3?
-1222332133
In base 14, what is 2 + -3105ad?
-3105ab
In base 12, what is 7b32 + -14?
7b1a
In base 7, what is -6 + 5420?
5411
In base 16, what is -419 - 77a?
-b93
In base 14, what is 0 + -ba7b?
-ba7b
In base 10, what is -4132 - -228?
-3904
In base 10, what is -28918 + -4?
-28922
In base 3, what is -1011 + 1210102020?
1210101002
In base 6, what is 10155 + 1545?
12144
In base 14, what is 66893 + -4?
6688d
In base 7, what is 433 - 141?
262
In base 10, what is 6 - 24067?
-24061
In base 15, what is 78 + -3692?
-3619
In base 15, what is 28 - d7?
-ae
In base 7, what is -14 - 303631?
-303645
In base 15, what is 3 + -55352?
-5534e
In base 9, what is 78762 - -6?
78768
In base 8, what is 264064 + 4?
264070
In base 4, what is 221321 - 2?
221313
In base 8, what is 0 + -15107?
-15107
In base 15, what is 2 + -27ec?
-27ea
In base 2, what is 111 + -1111001111?
-1111001000
In base 13, what is 2 + 2a6b41?
2a6b43
In base 6, what is -101203 + -1041?
-102244
In base 6, what is -3 - 3313353?
-3313400
In base 8, what is 505 - 7273?
-6566
In base 8, what is 23 - 36420?
-36375
In base 15, what is -b7d3 + -1?
-b7d4
In base 4, what is 311013 - 111?
310302
In base 16, what is -1cf92 - 1?
-1cf93
In base 15, what is -51d7 - 1?
-51d8
In base 11, what is 26875 + 1?
26876
In base 14, what is bd0 - 353?
87b
In base 14, what is -14979 + 1?
-14978
In base 8, what is -74 + -7156?
-7252
In base 8, what is 544 - -622?
1366
In base 16, what is 3 + -2f6e9?
-2f6e6
In base 3, what is 2221020120 - -200?
2221021020
In base 15, what is 191c40 + -4?
191c3b
In base 10, what is 120585 - 1?
120584
In base 5, what is -43 - -403402?
403304
In base 7, what is 3226500 + 1?
3226501
In base 14, what is -43260 + 2?
-4325c
In base 9, what is 108222 + -5?
108216
In base 3, what is 10120201 - -1001010?
11121211
In base 5, what is 1402 - -100330?
102232
In base 8, what is 205741 + -5?
205734
In base 9, what is -4 - 47246?
-47251
In base 4, what is 30 - 33302?
-33212
In base 9, what is -726 - -8073?
7246
In base 12, what is 31 + -a57?
-a26
In base 12, what is a88 - 6?
a82
In base 10, what is -12 - -972?
960
In base 11, what is 103344 - 2?
103342
In base 8, what is -2771040 - -4?
-2771034
In base 14, what is 59033 + 4?
59037
In base 7, what is 5 + 4136303?
4136311
In base 3, what is -12 - 2011012?
-2011101
In base 6, what is -5122 - 11?
-5133
In base 13, what is 664b8 + -2?
664b6
In base 3, what is -1121000222102 - -1?
-1121000222101
In base 16, what is -8327 - -2?
-8325
In base 2, what is 110100 - -11100011110000?
11100100100100
In base 4, what is 2 + 30012331?
30012333
In base 7, what is -4 + -3145550?
-3145554
In bas